e 3) to base 6.
133302221
Convert -6b247 (base 12) to base 16.
-23197
Convert -555432 (base 7) to base 2.
-10111111010110110
Convert -5343331 (base 7) to base 2.
-10011110100011111100
7018a (base 11) to base 2
11001000100110010
-1446230 (base 7) to base 14
-51950
What is 3965908 (base 11) in base 12?
2369910
122322352 (base 6) to base 11
1371631
244a49 (base 12) to base 14
114929
Convert 103244102 (base 6) to base 3.
10110112200102
151046023 (base 7) to base 11
5719057
Convert -5404405 (base 8) to base 10.
-1444101
Convert -788ba (base 15) to base 16.
-5d976
-2131120440 (base 5) to base 12
-1635a8a
-103364620 (base 7) to base 9
-12565174
What is -11332000 (base 5) in base 12?
-50aaa
Convert 2407202 (base 8) to base 15.
d0434
-62334 (base 13) to base 3
-22221212000
134243 (base 10) to base 2
100000110001100011
Convert -2083244 (base 11) to base 12.
-1288819
What is -110101001001100111101 (base 2) in base 4?
-12221030331
What is -3033302132 (base 4) in base 9?
-1536438
Convert -21021111120 (base 3) to base 8.
-427622
-46707017 (base 8) to base 7
-152436264
Convert -9c58 (base 16) to base 10.
-40024
Convert 3010422 (base 5) to base 2.
1011100111111100
What is -43134360 (base 7) in base 9?
-6816876
Convert 1a151a (base 13) to base 9.
1215267
What is -21202022211 (base 4) in base 7?
-30146256
Convert -6c5ee (base 15) to base 6.
-11223555
What is 641361 (base 8) in base 9?
355174
-10011000111101000001 (base 2) to base 6
-21232241
Convert -12011002001 (base 3) to base 4.
-120300022
-3a13b3 (base 13) to base 16
-1565e3
What is -10555042 (base 6) in base 12?
-138a82
-498854 (base 11) to base 14
-167088
Convert 10101010010111111 (base 2) to base 14.
23b0b
Convert 100101111000001111001 (base 2) to base 6.
42334201
What is 65943 (base 11) in base 8?
272625
-66715 (base 8) to base 5
-1344414
What is -5644714 (base 8) in base 12?
-617290
What is -21255 (base 10) in base 3?
-1002011020
1410440 (base 6) to base 13
2a0a2
Convert -110001111000010101 (base 2) to base 15.
-40809
Convert 54219 (base 15) to base 3.
111120101120
Convert 232c3 (base 16) to base 12.
6b457
Convert 389eba (base 15) to base 16.
297499
What is 110211211 (base 4) in base 15?
19eba
-17849 (base 12) to base 14
-c597
-39a57 (base 12) to base 6
-1410551
Convert -73443 (base 12) to base 10.
-150963
Convert 42231223 (base 5) to base 9.
585841
What is da3360 (base 16) in base 7?
232355651
-32174 (base 8) to base 14
-4c7a
What is -1001000001011111000001 (base 2) in base 13?
-64a841
-1545a29 (base 14) to base 4
-213220021011
What is 213001302201 (base 4) in base 2?
100111000001110010100001
101212200212210 (base 3) to base 2
10110000011010110010011
What is -10131442323 (base 5) in base 3?
-201121110201202
Convert -6d4031 (base 14) to base 7.
-43524061
What is 243295 (base 12) in base 10?
586193
What is -14675277 (base 9) in base 4?
-123321112333
What is 14101410 (base 5) in base 13?
506c5
-12684409 (base 10) to base 5
-11221400114
Convert -1038c8b (base 13) to base 15.
-6765e1
-83199 (base 16) to base 11
-337499
Convert -134352151 (base 6) to base 15.
-390b8a
Convert 3666440 (base 7) to base 11.
2a1527
Convert 19ea18 (base 15) to base 10.
1264523
Convert -4707047 (base 9) to base 16.
-26d27d
Convert 18112 (base 15) to base 2.
10011000000101011
Convert -10440450 (base 7) to base 15.
-12bca6
Convert 197ab (base 16) to base 12.
5048b
Convert -24240333 (base 5) to base 16.
-37909
Convert -cddc (base 14) to base 16.
-8b56
What is -43051 (base 12) in base 8?
-254175
What is 10101011010011000 (base 2) in base 8?
253230
What is -232103 (base 7) in base 6?
-520215
What is -1111021 (base 5) in base 9?
-28678
16174310 (base 8) to base 6
212005400
824827 (base 12) to base 14
3b1743
What is 366358 (base 10) in base 13?
ca9a5
What is 110110001110111 (base 2) in base 16?
6c77
Convert 18598d (base 16) to base 2.
110000101100110001101
Convert 15c9b21 (base 13) to base 6.
411020025
What is 35418 (base 15) in base 3?
22121202012
Convert 1021132002 (base 4) to base 14.
7b950
Convert -465536 (base 7) to base 2.
-10100011010100101
85421 (base 11) to base 5
12434130
Convert -131208 (base 10) to base 9.
-218876
1021200202 (base 3) to base 9
37622
What is 17967a (base 12) in base 8?
1441576
What is 10000111010111001001 (base 2) in base 16?
875c9
What is 2a0572 (base 11) in base 7?
3662630
-12dca6 (base 15) to base 10
-907356
What is -1721162 (base 10) in base 12?
-6b0062
Convert -9a3000 (base 14) to base 16.
-4fd8a8
What is 10466062 (base 7) in base 10?
907279
What is -201051045 (base 6) in base 4?
-31001022011
-1cbe (base 16) to base 15
-22a8
2303150 (base 7) to base 14
76760
What is 119bc07 (base 14) in base 4?
200031323033
101100101111000110100100 (base 2) to base 7
201452200
-2322352 (base 8) to base 6
-21314042
Convert 756012 (base 8) to base 4.
331300022
-524104 (base 6) to base 3
-2011010111
Convert 15444130 (base 7) to base 11.
928562
31331021 (base 5) to base 2
111111110100001010
What is 11020111002 (base 3) in base 2?
10100011000000011
2349ad (base 14) to base 9
2234253
-24531244 (base 6) to base 7
-6465661
10300413402 (base 5) to base 3
202121101002101
Convert -10110111200220 (base 3) to base 7.
-21433623
What is -102201112101 (base 3) in base 2?
-111000010101100000
44862 (base 15) to base 5
23433032
Convert -2013202100 (base 4) to base 9.
-1035465
Convert 1110110100021 (base 3) to base 2.
10111101100110111011
-537613 (base 10) to base 3
-1000022110121
Convert -112723 (base 10) to base 5.
-12101343
What is 3316 (base 12) in base 11?
4262
-8879 (base 11) to base 4
-2312312
What is 1100343310 (base 5) in base 15?
318170
Convert -53202 (base 13) to base 11.
-a2554
Convert -133210311 (base 4) to base 8.
-374465
What is 15bc4c3 (base 13) in base 15?
93b599
What is 626758 (base 9) in base 7?
3110513
-20002211122 (base 3) to base 5
-12321132
What is -103416 (base 9) in base 14?
-18623
What is -1144b (base 15) in base 3?
-2210101222
-1102568 (base 9) to base 4
-2100220133
Convert 15899a9 (base 11) to base 14.
5067c7
Convert -65287 (base 9) to base 10.
-43252
What is -18928c (base 13) in base 12?
-25a974
-46332 (base 16) to base 5
-33200123
What is -a7935 (base 13) in base 4?
-1021313122
What is -2122432010 (base 5) in base 8?
-21123075
Convert -58445 (base 13) to base 14.
-42a02
What is 102842 (base 10) in base 8?
310672
1b46a (base 16) to base 15
23182
Convert 132542203 (base 7) to base 4.
200223012202
What is 42e8d4 (base 15) in base 4?
30022110133
312100430 (base 5) to base 11
7a8069
Convert -311381 (base 9) to base 2.
-101101000110110001
What is 421386 (base 9) in base 10?
250368
-5f2bee (base 16) to base 6
-341403434
-111233213213 (base 4) to base 14
-a853dd
What is -186460 (base 12) in base 7?
-3422133
What is 481073 (base 10) in base 6?
14151105
Convert -2044c0 (base 15) to base 8.
-5662622
What is 407004 (base 9) in base 8?
727227
What is -1154603 (base 8) in base 16?
-4d983
Convert -560060 (base 9) to base 10.
-334665
-1131011 (base 5) to base 15
-623b
What is 2267b6 (base 15) in base 9?
3072350
-1a6569 (base 11) to base 4
-1031023133
-73568 (base 11) to base 6
-2144035
-1020739 (base 11) to base 5
-430123412
Convert -110100010011001000001111 (base 2) to base 7.
-224350243
-119473 (base 10) to base 11
-81842
Convert -c34a1 (base 14) to base 12.
-1a80b1
14025562 (base 9) to base 3
111000212122002
-ad2927 (base 14) to base 9
-12058546
-331679 (base 10) to base 13
-b7c7a
-42936a (base 11) to base 12
-290b28
What is -1345da (base 14) in base 13?
-1a3a2a
What is 3221231202 (base 4) in base 13?
276951
672b68 (base 13) to base 9
4518761
Convert 130300112 (base 4) to base 10.
117782
-111000001011111101 (base 2) to base 7
-1645652
What is -48bab2 (base 13) in base 5?
-421132122
205202 (base 10) to base 16
32192
-102003020 (base 5) to base 12
-184444
Convert -304858 (base 12) to base 10.
-754628
-2410c5 (base 14) to base 2
-100101100110101100101
Convert 2440265 (base 7) to base 16.
4c3d3
Convert -49749b (base 14) to base 8.
-11464261
Convert 4fe4 (base 16) to base 9.
31044
What is -1bc25c9 (base 13) in base 4?
-203110202200
140046312 (base 7) to base 10
9070791
What is 1254211 (base 7) in base 12?
7b40a
-1d436b8 (base 14) to base 7
-235546621
-100311024 (base 5) to base 3
-202100202010
What is 7968c (base 13) in base